ivided by 84.
68
What is the remainder when 3775 is divided by 84?
79
Calculate the remainder when 171 is divided by 94.
77
What is the remainder when 211 is divided by 71?
69
Calculate the remainder when 4479 is divided by 195.
189
What is the remainder when 243 is divided by 41?
38
Calculate the remainder when 42 is divided by 22.
20
Calculate the remainder when 142 is divided by 35.
2
What is the remainder when 91 is divided by 33?
25
What is the remainder when 388 is divided by 148?
92
Calculate the remainder when 440 is divided by 75.
65
What is the remainder when 4142 is divided by 296?
294
What is the remainder when 5941 is divided by 198?
1
Calculate the remainder when 119 is divided by 80.
39
Calculate the remainder when 36 is divided by 29.
7
Calculate the remainder when 1143 is divided by 88.
87
Calculate the remainder when 1847 is divided by 12.
11
Calculate the remainder when 875 is divided by 49.
42
Calculate the remainder when 418 is divided by 225.
193
Calculate the remainder when 1155 is divided by 22.
11
What is the remainder when 459 is divided by 14?
11
Calculate the remainder when 480 is divided by 148.
36
What is the remainder when 1338 is divided by 319?
62
Calculate the remainder when 412 is divided by 140.
132
What is the remainder when 15597 is divided by 19?
17
Calculate the remainder when 119 is divided by 15.
14
Calculate the remainder when 985 is divided by 34.
33
Calculate the remainder when 1117 is divided by 94.
83
What is the remainder when 364 is divided by 92?
88
Calculate the remainder when 9451 is divided by 41.
21
What is the remainder when 71 is divided by 8?
7
Calculate the remainder when 2505 is divided by 57.
54
Calculate the remainder when 1339 is divided by 347.
298
Calculate the remainder when 369 is divided by 4.
1
What is the remainder when 90 is divided by 33?
24
What is the remainder when 95 is divided by 30?
5
Calculate the remainder when 325 is divided by 67.
57
What is the remainder when 2586 is divided by 853?
27
Calculate the remainder when 907 is divided by 451.
5
Calculate the remainder when 984 is divided by 90.
84
Calculate the remainder when 582 is divided by 22.
10
What is the remainder when 271 is divided by 82?
25
Calculate the remainder when 143 is divided by 51.
41
Calculate the remainder when 1077 is divided by 20.
17
What is the remainder when 230 is divided by 61?
47
What is the remainder when 481 is divided by 91?
26
What is the remainder when 190 is divided by 98?
92
Calculate the remainder when 4798 is divided by 30.
28
What is the remainder when 27 is divided by 10?
7
What is the remainder when 796 is divided by 26?
16
What is the remainder when 3688 is divided by 217?
216
Calculate the remainder when 450 is divided by 117.
99
Calculate the remainder when 616 is divided by 578.
38
What is the remainder when 4829 is divided by 1606?
11
Calculate the remainder when 44 is divided by 40.
4
Calculate the remainder when 2105 is divided by 8.
1
Calculate the remainder when 140 is divided by 78.
62
Calculate the remainder when 3189 is divided by 58.
57
What is the remainder when 398 is divided by 386?
12
What is the remainder when 1104 is divided by 552?
0
What is the remainder when 11095 is divided by 9?
7
Calculate the remainder when 287 is divided by 39.
14
Calculate the remainder when 741 is divided by 191.
168
What is the remainder when 306 is divided by 24?
18
Calculate the remainder when 67 is divided by 17.
16
Calculate the remainder when 576 is divided by 29.
25
Calculate the remainder when 3233 is divided by 24.
17
What is the remainder when 1349 is divided by 36?
17
Calculate the remainder when 735 is divided by 9.
6
What is the remainder when 7238 is divided by 315?
308
Calculate the remainder when 117 is divided by 14.
5
What is the remainder when 790 is divided by 24?
22
Calculate the remainder when 231 is divided by 18.
15
Calculate the remainder when 197 is divided by 6.
5
Calculate the remainder when 34 is divided by 11.
1
Calculate the remainder when 755 is divided by 36.
35
What is the remainder when 14056 is divided by 158?
152
What is the remainder when 329 is divided by 56?
49
Calculate the remainder when 384 is divided by 79.
68
Calculate the remainder when 402 is divided by 109.
75
Calculate the remainder when 379 is divided by 38.
37
Calculate the remainder when 3391 is divided by 227.
213
What is the remainder when 11398 is divided by 20?
18
Calculate the remainder when 1099 is divided by 58.
55
What is the remainder when 85 is divided by 49?
36
Calculate the remainder when 2628 is divided by 14.
10
What is the remainder when 199 is divided by 41?
35
Calculate the remainder when 341 is divided by 85.
1
What is the remainder when 159 is divided by 29?
14
Calculate the remainder when 9653 is divided by 30.
23
Calculate the remainder when 278 is divided by 111.
56
What is the remainder when 5204 is divided by 28?
24
What is the remainder when 112 is divided by 96?
16
Calculate the remainder when 1181 is divided by 237.
233
What is the remainder when 7667 is divided by 213?
212
What is the remainder when 1619 is divided by 90?
89
What is the remainder when 4797 is divided by 80?
77
What is the remainder when 23 is divided by 14?
9
Calculate the remainder when 420 is divided by 96.
36
Calculate the remainder when 24958 is divided by 60.
58
What is the remainder when 85 is divided by 11?
8
Calculate the remainder when 20458 is divided by 341.
339
Calculate the remainder when 51 is divided by 34.
17
What is the remainder when 271 is divided by 17?
16
What is the remainder when 296 is divided by 158?
138
What is the remainder when 59 is divided by 21?
17
Calculate the remainder when 4784 is divided by 18.
14
Calculate the remainder when 309 is divided by 31.
30
Calculate the remainder when 123 is divided by 25.
23
What is the remainder when 2664 is divided by 205?
204
What is the remainder when 94 is divided by 19?
18
Calculate the remainder when 3431 is divided by 12.
11
Calculate the remainder when 353 is divided by 104.
41
What is the remainder when 27 is divided by 4?
3
Calculate the remainder when 265 is divided by 28.
13
Calculate the remainder when 6895 is divided by 19.
17
Calculate the remainder when 455 is divided by 21.
14
What is the remainder when 379 is divided by 30?
19
What is the remainder when 4403 is divided by 232?
227
What is the remainder when 115 is divided by 24?
19
Calculate the remainder when 65 is divided by 36.
29
What is the remainder when 2036 is divided by 21?
20
Calculate the remainder when 2807 is divided by 104.
103
Calculate the remainder when 1453 is divided by 195.
88
What is the remainder when 2325 is divided by 17?
13
What is the remainder when 156 is divided by 20?
16
What is the remainder when 661 is divided by 116?
81
What is the remainder when 7919 is divided by 120?
119
Calculate the remainder when 1402 is divided by 279.
7
What is the remainder when 517 is divided by 58?
53
Calculate the remainder when 86 is divided by 5.
1
Calculate the remainder when 338 is divided by 34.
32
Calculate the remainder when 90 is divided by 36.
18
Calculate the remainder when 177 is divided by 105.
72
Calculate the remainder when 269 is divided by 23.
16
Calculate the remainder when 128 is divided by 24.
8
Calculate the remainder when 417 is divided by 140.
137
What is the remainder when 356 is divided by 20?
16
Calculate the remainder when 19 is divided by 8.
3
Calculate the remainder when 389 is divided by 27.
11
What is the remainder when 2270 is divided by 175?
170
Calculate the remainder when 1375 is divided by 86.
85
What is the remainder when 79 is divided by 15?
4
What is the remainder when 387 is divided by 192?
3
What is the remainder when 1497 is divided by 60?
57
Calculate the remainder when 349 is divided by 27.
25
Calculate the remainder when 1584 is divided by 13.
11
What is the remainder when 6233 is divided by 32?
25
Calculate the remainder when 96 is divided by 27.
15
What is the remainder when 1293 is divided by 321?
9
What is the remainder when 185 is divided by 171?
14
Calculate the remainder when 1317 is divided by 30.
27
Calculate the remainder when 16961 is divided by 56.
49
What is the remainder when 134 is 